{"id":908,"date":"2021-02-04T05:11:51","date_gmt":"2021-02-04T05:11:51","guid":{"rendered":"http:\/\/fundacionfraternidadcorpuschristi.org\/index.php\/all-courses\/"},"modified":"2021-08-28T23:29:56","modified_gmt":"2021-08-28T23:29:56","slug":"proyectos","status":"publish","type":"page","link":"https:\/\/fundacionfraternidadcorpuschristi.org\/index.php\/proyectos\/","title":{"rendered":"Proyectos"},"content":{"rendered":"\t\t<div data-elementor-type=\"wp-page\" data-elementor-id=\"908\" class=\"elementor elementor-908\">\n\t\t\t\t\t\t<section class=\"elementor-section elementor-top-section elementor-element elementor-element-8f7012d elementor-section-boxed elementor-section-height-default elementor-section-height-default\" data-id=\"8f7012d\" data-element_type=\"section\" data-settings=\"{&quot;background_background&quot;:&quot;classic&quot;}\">\n\t\t\t\t\t\t\t<div class=\"elementor-background-overlay\"><\/div>\n\t\t\t\t\t\t\t<div class=\"elementor-container elementor-column-gap-no\">\n\t\t\t\t\t<div class=\"elementor-column elementor-col-100 elementor-top-column elementor-element elementor-element-41f6b6a\" data-id=\"41f6b6a\" data-element_type=\"column\">\n\t\t\t<div class=\"elementor-widget-wrap elementor-element-populated\">\n\t\t\t\t\t\t<div class=\"elementor-element elementor-element-85890e9 animated-fast elementor-invisible elementor-widget elementor-widget-heading\" data-id=\"85890e9\" data-element_type=\"widget\" data-settings=\"{&quot;_animation&quot;:&quot;fadeInLeft&quot;,&quot;_animation_delay&quot;:100}\" data-widget_type=\"heading.default\">\n\t\t\t\t<div class=\"elementor-widget-container\">\n\t\t\t\t\t<h1 class=\"elementor-heading-title elementor-size-default\">Proyectos<\/h1>\t\t\t\t<\/div>\n\t\t\t\t<\/div>\n\t\t\t\t<div class=\"elementor-element elementor-element-571352b elementor-widget elementor-widget-text-editor\" data-id=\"571352b\" data-element_type=\"widget\" data-widget_type=\"text-editor.default\">\n\t\t\t\t<div class=\"elementor-widget-container\">\n\t\t\t\t\t\t\t\t\t<p>Buscamos ser un referente de salvaci\u00f3n y de servicio a las comunidades sobre todo a aquellas m\u00e1s vulneradas a causa de las carencias espirituales, econ\u00f3micas, psicol\u00f3gicas, educativas y sociales. La identidad de la fundaci\u00f3n se determina en tres bases esenciales: apostolado, formaci\u00f3n, y servicio social, pilares que tienen por referencia el evangelio cuyo centro es la vida y ense\u00f1anzas de Jesucristo el Se\u00f1or<\/p>\t\t\t\t\t\t\t\t<\/div>\n\t\t\t\t<\/div>\n\t\t\t\t\t<\/div>\n\t\t<\/div>\n\t\t\t\t\t<\/div>\n\t\t<\/section>\n\t\t\t\t<section class=\"elementor-section elementor-top-section elementor-element elementor-element-76e5dfe elementor-section-boxed elementor-section-height-default elementor-section-height-default\" data-id=\"76e5dfe\" data-element_type=\"section\">\n\t\t\t\t\t\t<div class=\"elementor-container elementor-column-gap-no\">\n\t\t\t\t\t<div class=\"elementor-column elementor-col-100 elementor-top-column elementor-element elementor-element-e98b60a\" data-id=\"e98b60a\" data-element_type=\"column\">\n\t\t\t<div class=\"elementor-widget-wrap elementor-element-populated\">\n\t\t\t\t\t\t<section class=\"elementor-section elementor-inner-section elementor-element elementor-element-b9e5c24 elementor-section-boxed elementor-section-height-default elementor-section-height-default\" data-id=\"b9e5c24\" data-element_type=\"section\">\n\t\t\t\t\t\t<div class=\"elementor-container elementor-column-gap-no\">\n\t\t\t\t\t<div class=\"elementor-column elementor-col-50 elementor-inner-column elementor-element elementor-element-055918a animated-fast elementor-invisible\" data-id=\"055918a\" data-element_type=\"column\" data-settings=\"{&quot;animation&quot;:&quot;fadeInLeft&quot;,&quot;animation_delay&quot;:100}\">\n\t\t\t<div class=\"elementor-widget-wrap elementor-element-populated\">\n\t\t\t\t\t\t<div class=\"elementor-element elementor-element-0f04a96 elementor-widget-divider--view-line elementor-widget elementor-widget-divider\" data-id=\"0f04a96\" data-element_type=\"widget\" data-widget_type=\"divider.default\">\n\t\t\t\t<div class=\"elementor-widget-container\">\n\t\t\t\t\t\t\t<div class=\"elementor-divider\">\n\t\t\t<span class=\"elementor-divider-separator\">\n\t\t\t\t\t\t<\/span>\n\t\t<\/div>\n\t\t\t\t\t\t<\/div>\n\t\t\t\t<\/div>\n\t\t\t\t<div class=\"elementor-element elementor-element-2dbce64 animated-fast elementor-invisible elementor-widget elementor-widget-heading\" data-id=\"2dbce64\" data-element_type=\"widget\" data-settings=\"{&quot;_animation&quot;:&quot;slideInLeft&quot;,&quot;_animation_delay&quot;:100}\" data-widget_type=\"heading.default\">\n\t\t\t\t<div class=\"elementor-widget-container\">\n\t\t\t\t\t<h2 class=\"elementor-heading-title elementor-size-default\">Instituto Superior de Teolog\u00eda <\/h2>\t\t\t\t<\/div>\n\t\t\t\t<\/div>\n\t\t\t\t<div class=\"elementor-element elementor-element-3f8fe23 elementor-widget elementor-widget-text-editor\" data-id=\"3f8fe23\" data-element_type=\"widget\" data-widget_type=\"text-editor.default\">\n\t\t\t\t<div class=\"elementor-widget-container\">\n\t\t\t\t\t\t\t\t\t<p>Espacio que busca ser un referente de formaci\u00f3n en \u00e1reas de las humanidades, la teolog\u00eda y la filosof\u00eda para quienes deseen aspirar a la vida sacerdotal religiosa o laicos que deseen formarse en este campo con miras a optimizar su vida espiritual y social.<\/p>\t\t\t\t\t\t\t\t<\/div>\n\t\t\t\t<\/div>\n\t\t\t\t<div class=\"elementor-element elementor-element-38823c9 elementor-align-left elementor-widget elementor-widget-button\" data-id=\"38823c9\" data-element_type=\"widget\" data-widget_type=\"button.default\">\n\t\t\t\t<div class=\"elementor-widget-container\">\n\t\t\t\t\t\t\t\t\t<div class=\"elementor-button-wrapper\">\n\t\t\t\t\t<a class=\"elementor-button elementor-button-link elementor-size-sm\" href=\"https:\/\/institutosuperiordeteologia.com.co\/\">\n\t\t\t\t\t\t<span class=\"elementor-button-content-wrapper\">\n\t\t\t\t\t\t<span class=\"elementor-button-icon\">\n\t\t\t\t<i aria-hidden=\"true\" class=\"fas fa-angle-right\"><\/i>\t\t\t<\/span>\n\t\t\t\t\t\t\t\t\t<span class=\"elementor-button-text\">Conozca el Instituto<\/span>\n\t\t\t\t\t<\/span>\n\t\t\t\t\t<\/a>\n\t\t\t\t<\/div>\n\t\t\t\t\t\t\t\t<\/div>\n\t\t\t\t<\/div>\n\t\t\t\t\t<\/div>\n\t\t<\/div>\n\t\t\t\t<div class=\"elementor-column elementor-col-50 elementor-inner-column elementor-element elementor-element-8c4e873\" data-id=\"8c4e873\" data-element_type=\"column\">\n\t\t\t<div class=\"elementor-widget-wrap elementor-element-populated\">\n\t\t\t\t\t\t<div class=\"elementor-element elementor-element-4a1f04b animated-fast elementor-invisible elementor-widget elementor-widget-image\" data-id=\"4a1f04b\" data-element_type=\"widget\" data-settings=\"{&quot;_animation&quot;:&quot;fadeInRight&quot;,&quot;_animation_delay&quot;:100}\" data-widget_type=\"image.default\">\n\t\t\t\t<div class=\"elementor-widget-container\">\n\t\t\t\t\t\t\t\t\t\t\t\t\t\t\t<img fetchpriority=\"high\" decoding=\"async\" width=\"400\" height=\"400\" src=\"https:\/\/fundacionfraternidadcorpuschristi.org\/wp-content\/uploads\/2021\/07\/Teologia-1.jpg\" class=\"attachment-large size-large wp-image-1321\" alt=\"teologia\" srcset=\"https:\/\/fundacionfraternidadcorpuschristi.org\/wp-content\/uploads\/2021\/07\/Teologia-1.jpg 400w, https:\/\/fundacionfraternidadcorpuschristi.org\/wp-content\/uploads\/2021\/07\/Teologia-1-300x300.jpg 300w, https:\/\/fundacionfraternidadcorpuschristi.org\/wp-content\/uploads\/2021\/07\/Teologia-1-150x150.jpg 150w, https:\/\/fundacionfraternidadcorpuschristi.org\/wp-content\/uploads\/2021\/07\/Teologia-1-100x100.jpg 100w\" sizes=\"(max-width: 400px) 100vw, 400px\" \/>\t\t\t\t\t\t\t\t\t\t\t\t\t\t\t<\/div>\n\t\t\t\t<\/div>\n\t\t\t\t\t<\/div>\n\t\t<\/div>\n\t\t\t\t\t<\/div>\n\t\t<\/section>\n\t\t\t\t<section class=\"elementor-section elementor-inner-section elementor-element elementor-element-962b042 elementor-section-boxed elementor-section-height-default elementor-section-height-default\" data-id=\"962b042\" data-element_type=\"section\">\n\t\t\t\t\t\t<div class=\"elementor-container elementor-column-gap-no\">\n\t\t\t\t\t<div class=\"elementor-column elementor-col-50 elementor-inner-column elementor-element elementor-element-30c6e33 animated-fast elementor-invisible\" data-id=\"30c6e33\" data-element_type=\"column\" data-settings=\"{&quot;animation&quot;:&quot;fadeInLeft&quot;,&quot;animation_delay&quot;:100}\">\n\t\t\t<div class=\"elementor-widget-wrap elementor-element-populated\">\n\t\t\t\t\t\t<div class=\"elementor-element elementor-element-e259c48 elementor-widget-divider--view-line elementor-widget elementor-widget-divider\" data-id=\"e259c48\" data-element_type=\"widget\" data-widget_type=\"divider.default\">\n\t\t\t\t<div class=\"elementor-widget-container\">\n\t\t\t\t\t\t\t<div class=\"elementor-divider\">\n\t\t\t<span class=\"elementor-divider-separator\">\n\t\t\t\t\t\t<\/span>\n\t\t<\/div>\n\t\t\t\t\t\t<\/div>\n\t\t\t\t<\/div>\n\t\t\t\t<div class=\"elementor-element elementor-element-0a31a7b animated-fast elementor-invisible elementor-widget elementor-widget-heading\" data-id=\"0a31a7b\" data-element_type=\"widget\" data-settings=\"{&quot;_animation&quot;:&quot;fadeInLeft&quot;,&quot;_animation_delay&quot;:100}\" data-widget_type=\"heading.default\">\n\t\t\t\t<div class=\"elementor-widget-container\">\n\t\t\t\t\t<h2 class=\"elementor-heading-title elementor-size-default\">Seminario Mayor San Francisco de As\u00eds <\/h2>\t\t\t\t<\/div>\n\t\t\t\t<\/div>\n\t\t\t\t<div class=\"elementor-element elementor-element-0e2739c elementor-widget elementor-widget-text-editor\" data-id=\"0e2739c\" data-element_type=\"widget\" data-widget_type=\"text-editor.default\">\n\t\t\t\t<div class=\"elementor-widget-container\">\n\t\t\t\t\t\t\t\t\t<p>El seminario es una obra que busca formar y capacitar a los j\u00f3venes que deseen servir como ministros siendo los gu\u00edas activos de comunidades de fe y de adhesi\u00f3n a las obras sociales y comunitarias de la prelatura apost\u00f3lica corpus Christi.<\/p>\t\t\t\t\t\t\t\t<\/div>\n\t\t\t\t<\/div>\n\t\t\t\t\t<\/div>\n\t\t<\/div>\n\t\t\t\t<div class=\"elementor-column elementor-col-50 elementor-inner-column elementor-element elementor-element-dc20a1b\" data-id=\"dc20a1b\" data-element_type=\"column\">\n\t\t\t<div class=\"elementor-widget-wrap elementor-element-populated\">\n\t\t\t\t\t\t<div class=\"elementor-element elementor-element-eef7647 animated-fast elementor-invisible elementor-widget elementor-widget-image\" data-id=\"eef7647\" data-element_type=\"widget\" data-settings=\"{&quot;_animation&quot;:&quot;fadeInRight&quot;,&quot;_animation_delay&quot;:100}\" data-widget_type=\"image.default\">\n\t\t\t\t<div class=\"elementor-widget-container\">\n\t\t\t\t\t\t\t\t\t\t\t\t\t\t\t<img decoding=\"async\" width=\"400\" height=\"400\" src=\"https:\/\/fundacionfraternidadcorpuschristi.org\/wp-content\/uploads\/2021\/07\/Seminario.jpg\" class=\"attachment-large size-large wp-image-1320\" alt=\"seminario biblico\" srcset=\"https:\/\/fundacionfraternidadcorpuschristi.org\/wp-content\/uploads\/2021\/07\/Seminario.jpg 400w, https:\/\/fundacionfraternidadcorpuschristi.org\/wp-content\/uploads\/2021\/07\/Seminario-300x300.jpg 300w, https:\/\/fundacionfraternidadcorpuschristi.org\/wp-content\/uploads\/2021\/07\/Seminario-150x150.jpg 150w, https:\/\/fundacionfraternidadcorpuschristi.org\/wp-content\/uploads\/2021\/07\/Seminario-100x100.jpg 100w\" sizes=\"(max-width: 400px) 100vw, 400px\" \/>\t\t\t\t\t\t\t\t\t\t\t\t\t\t\t<\/div>\n\t\t\t\t<\/div>\n\t\t\t\t\t<\/div>\n\t\t<\/div>\n\t\t\t\t\t<\/div>\n\t\t<\/section>\n\t\t\t\t<section class=\"elementor-section elementor-inner-section elementor-element elementor-element-a33efc4 elementor-section-boxed elementor-section-height-default elementor-section-height-default\" data-id=\"a33efc4\" data-element_type=\"section\">\n\t\t\t\t\t\t<div class=\"elementor-container elementor-column-gap-no\">\n\t\t\t\t\t<div class=\"elementor-column elementor-col-50 elementor-inner-column elementor-element elementor-element-4b1f67e animated-fast elementor-invisible\" data-id=\"4b1f67e\" data-element_type=\"column\" data-settings=\"{&quot;animation&quot;:&quot;fadeInLeft&quot;,&quot;animation_delay&quot;:100}\">\n\t\t\t<div class=\"elementor-widget-wrap elementor-element-populated\">\n\t\t\t\t\t\t<div class=\"elementor-element elementor-element-e9a63e0 elementor-widget-divider--view-line elementor-widget elementor-widget-divider\" data-id=\"e9a63e0\" data-element_type=\"widget\" data-widget_type=\"divider.default\">\n\t\t\t\t<div class=\"elementor-widget-container\">\n\t\t\t\t\t\t\t<div class=\"elementor-divider\">\n\t\t\t<span class=\"elementor-divider-separator\">\n\t\t\t\t\t\t<\/span>\n\t\t<\/div>\n\t\t\t\t\t\t<\/div>\n\t\t\t\t<\/div>\n\t\t\t\t<div class=\"elementor-element elementor-element-f51ec0a animated-fast elementor-invisible elementor-widget elementor-widget-heading\" data-id=\"f51ec0a\" data-element_type=\"widget\" data-settings=\"{&quot;_animation&quot;:&quot;fadeInLeft&quot;,&quot;_animation_delay&quot;:100}\" data-widget_type=\"heading.default\">\n\t\t\t\t<div class=\"elementor-widget-container\">\n\t\t\t\t\t<h2 class=\"elementor-heading-title elementor-size-default\">Proyecto casa para Dios<\/h2>\t\t\t\t<\/div>\n\t\t\t\t<\/div>\n\t\t\t\t<div class=\"elementor-element elementor-element-1e16820 elementor-widget elementor-widget-text-editor\" data-id=\"1e16820\" data-element_type=\"widget\" data-widget_type=\"text-editor.default\">\n\t\t\t\t<div class=\"elementor-widget-container\">\n\t\t\t\t\t\t\t\t\t<p>La casa para Dios es un espacio de integraci\u00f3n de diversificados centros para el desarrollo de un pastoral activa conformado desde:<\/p><ul><li>La parroquia como lugar para el culto y el encuentro de la fe.<\/li><li>Los centros de evangelizaci\u00f3n donde se ense\u00f1an los valores religiosos, morales, \u00e9ticos y cristianos que integren a las personas a la vida familiar y social de manera integral.<\/li><li>Centros de ayuda pastoral y social, donde confluyan todas \u00a0las obras de servicio y acompa\u00f1amiento en pro del desarrollo y la proyecci\u00f3n de la dignidad del ser humano en su vida personal, social y espiritual.<\/li><\/ul><h5><em><strong>\u201cUna vida para servir y un servicio que transforma\u2026 esa es la clave del amor\u201d<\/strong><\/em><\/h5>\t\t\t\t\t\t\t\t<\/div>\n\t\t\t\t<\/div>\n\t\t\t\t\t<\/div>\n\t\t<\/div>\n\t\t\t\t<div class=\"elementor-column elementor-col-50 elementor-inner-column elementor-element elementor-element-18a417e\" data-id=\"18a417e\" data-element_type=\"column\">\n\t\t\t<div class=\"elementor-widget-wrap elementor-element-populated\">\n\t\t\t\t\t\t<div class=\"elementor-element elementor-element-89d0a91 animated-fast elementor-invisible elementor-widget elementor-widget-image\" data-id=\"89d0a91\" data-element_type=\"widget\" data-settings=\"{&quot;_animation&quot;:&quot;fadeInRight&quot;,&quot;_animation_delay&quot;:100}\" data-widget_type=\"image.default\">\n\t\t\t\t<div class=\"elementor-widget-container\">\n\t\t\t\t\t\t\t\t\t\t\t\t\t\t\t<img decoding=\"async\" width=\"400\" height=\"450\" src=\"https:\/\/fundacionfraternidadcorpuschristi.org\/wp-content\/uploads\/2021\/08\/casa-para-Dios.jpg\" class=\"attachment-large size-large wp-image-2065\" alt=\"casa para Dios\" srcset=\"https:\/\/fundacionfraternidadcorpuschristi.org\/wp-content\/uploads\/2021\/08\/casa-para-Dios.jpg 400w, https:\/\/fundacionfraternidadcorpuschristi.org\/wp-content\/uploads\/2021\/08\/casa-para-Dios-267x300.jpg 267w\" sizes=\"(max-width: 400px) 100vw, 400px\" \/>\t\t\t\t\t\t\t\t\t\t\t\t\t\t\t<\/div>\n\t\t\t\t<\/div>\n\t\t\t\t\t<\/div>\n\t\t<\/div>\n\t\t\t\t\t<\/div>\n\t\t<\/section>\n\t\t\t\t\t<\/div>\n\t\t<\/div>\n\t\t\t\t\t<\/div>\n\t\t<\/section>\n\t\t\t\t<\/div>\n\t\t","protected":false},"excerpt":{"rendered":"<p>Proyectos Buscamos ser un referente de salvaci\u00f3n y de servicio a las comunidades sobre todo a aquellas m\u00e1s vulneradas a causa de las carencias espirituales, econ\u00f3micas, psicol\u00f3gicas, educativas y sociales. La identidad de la fundaci\u00f3n se determina en tres bases esenciales: apostolado, formaci\u00f3n, y servicio social, pilares que tienen por referencia el evangelio cuyo centro [&hellip;]<\/p>\n","protected":false},"author":1,"featured_media":0,"parent":0,"menu_order":0,"comment_status":"closed","ping_status":"closed","template":"","meta":{"om_disable_all_campaigns":false,"_uag_custom_page_level_css":"","_monsterinsights_skip_tracking":false,"_monsterinsights_sitenote_active":false,"_monsterinsights_sitenote_note":"","_monsterinsights_sitenote_category":0,"site-sidebar-layout":"no-sidebar","site-content-layout":"page-builder","ast-site-content-layout":"default","site-content-style":"default","site-sidebar-style":"default","ast-global-header-display":"","ast-banner-title-visibility":"","ast-main-header-display":"","ast-hfb-above-header-display":"","ast-hfb-below-header-display":"","ast-hfb-mobile-header-display":"","site-post-title":"disabled","ast-breadcrumbs-content":"","ast-featured-img":"disabled","footer-sml-layout":"","ast-disable-related-posts":"","theme-transparent-header-meta":"enabled","adv-header-id-meta":"","stick-header-meta":"","header-above-stick-meta":"","header-main-stick-meta":"","header-below-stick-meta":"","astra-migrate-meta-layouts":"default","ast-page-background-enabled":"default","ast-page-background-meta":{"desktop":{"background-color":"","background-image":"","background-repeat":"repeat","background-position":"center center","background-size":"auto","background-attachment":"scroll","background-type":"","background-media":"","overlay-type":"","overlay-color":"","overlay-opacity":"","overlay-gradient":""},"tablet":{"background-color":"","background-image":"","background-repeat":"repeat","background-position":"center center","background-size":"auto","background-attachment":"scroll","background-type":"","background-media":"","overlay-type":"","overlay-color":"","overlay-opacity":"","overlay-gradient":""},"mobile":{"background-color":"","background-image":"","background-repeat":"repeat","background-position":"center center","background-size":"auto","background-attachment":"scroll","background-type":"","background-media":"","overlay-type":"","overlay-color":"","overlay-opacity":"","overlay-gradient":""}},"ast-content-background-meta":{"desktop":{"background-color":"var(--ast-global-color-5)","background-image":"","background-repeat":"repeat","background-position":"center center","background-size":"auto","background-attachment":"scroll","background-type":"","background-media":"","overlay-type":"","overlay-color":"","overlay-opacity":"","overlay-gradient":""},"tablet":{"background-color":"var(--ast-global-color-5)","background-image":"","background-repeat":"repeat","background-position":"center center","background-size":"auto","background-attachment":"scroll","background-type":"","background-media":"","overlay-type":"","overlay-color":"","overlay-opacity":"","overlay-gradient":""},"mobile":{"background-color":"var(--ast-global-color-5)","background-image":"","background-repeat":"repeat","background-position":"center center","background-size":"auto","background-attachment":"scroll","background-type":"","background-media":"","overlay-type":"","overlay-color":"","overlay-opacity":"","overlay-gradient":""}},"footnotes":""},"aioseo_notices":[],"uagb_featured_image_src":{"full":false,"thumbnail":false,"medium":false,"medium_large":false,"large":false,"1536x1536":false,"2048x2048":false},"uagb_author_info":{"display_name":"f.fraternindad","author_link":"https:\/\/fundacionfraternidadcorpuschristi.org\/index.php\/author\/comunicacionesonline-hosting\/"},"uagb_comment_info":0,"uagb_excerpt":"Proyectos Buscamos ser un referente de salvaci\u00f3n y de servicio a las comunidades sobre todo a aquellas m\u00e1s vulneradas a causa de las carencias espirituales, econ\u00f3micas, psicol\u00f3gicas, educativas y sociales. La identidad de la fundaci\u00f3n se determina en tres bases esenciales: apostolado, formaci\u00f3n, y servicio social, pilares que tienen por referencia el evangelio cuyo centro&hellip;","_links":{"self":[{"href":"https:\/\/fundacionfraternidadcorpuschristi.org\/index.php\/wp-json\/wp\/v2\/pages\/908"}],"collection":[{"href":"https:\/\/fundacionfraternidadcorpuschristi.org\/index.php\/wp-json\/wp\/v2\/pages"}],"about":[{"href":"https:\/\/fundacionfraternidadcorpuschristi.org\/index.php\/wp-json\/wp\/v2\/types\/page"}],"author":[{"embeddable":true,"href":"https:\/\/fundacionfraternidadcorpuschristi.org\/index.php\/wp-json\/wp\/v2\/users\/1"}],"replies":[{"embeddable":true,"href":"https:\/\/fundacionfraternidadcorpuschristi.org\/index.php\/wp-json\/wp\/v2\/comments?post=908"}],"version-history":[{"count":52,"href":"https:\/\/fundacionfraternidadcorpuschristi.org\/index.php\/wp-json\/wp\/v2\/pages\/908\/revisions"}],"predecessor-version":[{"id":2068,"href":"https:\/\/fundacionfraternidadcorpuschristi.org\/index.php\/wp-json\/wp\/v2\/pages\/908\/revisions\/2068"}],"wp:attachment":[{"href":"https:\/\/fundacionfraternidadcorpuschristi.org\/index.php\/wp-json\/wp\/v2\/media?parent=908"}],"curies":[{"name":"wp","href":"https:\/\/api.w.org\/{rel}","templated":true}]}}